{"id":164,"date":"2020-03-06T09:04:03","date_gmt":"2020-03-06T09:04:03","guid":{"rendered":"http:\/\/inaww.eu\/?page_id=164"},"modified":"2020-04-24T16:13:34","modified_gmt":"2020-04-24T16:13:34","slug":"menschen-brauchen-insekten","status":"publish","type":"page","link":"https:\/\/inaww.eu\/?page_id=164","title":{"rendered":"Menschen brauchen Insekten &#8211;"},"content":{"rendered":"\n<p class=\"has-medium-font-size\">INSEKTEN BRAUCHEN BL\u00dcTEN<\/p>\n\n\n\n<p class=\"has-text-color has-background has-very-light-gray-color has-vivid-red-background-color\">Die Veranstaltung hat nicht stattgefunden.<\/p>\n\n\n\n<p class=\"has-text-color has-very-dark-gray-color\"><br>RETTE DIE BIENEN<\/p>\n\n\n\n<p><br>ALTE SCHULE  MAROTH<br>Birkenstra\u00dfe 13<br>13. M\u00e4rz, 1800h<\/p>\n\n\n\n<p class=\"has-text-color has-background has-very-light-gray-color has-vivid-red-background-color\">Wir informieren hier auf dieser Seite,<br>wann dieser Termin nachgeholt werden kann.<br><\/p>\n\n\n\n<p>Hans-G\u00fcnter Mohr, Imkerverband Nassau, <br>  Insekten als Lebensgrundlage<br>N.N. &#8211; Gartenarchitekt*in , <br>   artenreiche, pflegeleichte Gartenanlage <\/p>\n\n\n\n<p><\/p>\n\n\n\n<p>Was wissen wir \u00fcber das Artensterben im l\u00e4ndlichen Raum <br>und was k\u00f6nnen wir hier dagegen tun?<\/p>\n\n\n\n<p><br>Herr Mohr wird aus seinen vielf\u00e4ltigen Beobachtungen als Imker und Forstbeamter berichten. Er m\u00f6chte uns daf\u00fcr interessieren, die Lebensbedingungen aller Insekten genauer wahrzunehmen. <\/p>\n\n\n\n<p>Mit Stauden und Gr\u00e4sern zu einem artenreichen und pflegeleichten Garten.  Zier- und Nutzpflanzen sind ein Hort f\u00fcr Bienen, Hummeln und andere Insekten, f\u00fcr V\u00f6gel und Amphibien aller Arten.  <\/p>\n\n\n\n<p>Der Besuch der Veranstaltung ist kostenlos<\/p>\n\n\n\n<p>.<\/p>\n\n\n\n<p>.<\/p>\n\n\n\n<p>.<\/p>\n\n\n\n<p style=\"font-size:9px\"><a href=\"http:\/\/lernen-durch-bewegung.de\/?page_id=103\" target=\"_blank\" rel=\"noreferrer noopener\" aria-label=\"sponsored link (\u00f6ffnet in neuem Tab)\">sponsored link<\/a><\/p>\n\n\n\n<p>.<\/p>\n\n\n\n<p style=\"font-size:9px\">fotonachweis: hans j\u00fcrgen gessner &#8211; seidenbiene &#8211;<a href=\"https:\/\/www.deutschland-summt.de\/wildbienenarten.html\" target=\"_blank\" rel=\"noreferrer noopener\" aria-label=\" deutschland summt.de (\u00f6ffnet in neuem Tab)\"> deutschland summt.de<\/a><\/p>\n","protected":false},"excerpt":{"rendered":"<p>INSEKTEN BRAUCHEN BL\u00dcTEN Die Veranstaltung hat nicht stattgefunden. RETTE DIE BIENEN ALTE SCHULE MAROTHBirkenstra\u00dfe 1313. M\u00e4rz, 1800h Wir informieren hier auf dieser Seite,wann dieser Termin nachgeholt werden kann. Hans-G\u00fcnter Mohr, Imkerverband Nassau, Insekten als LebensgrundlageN.N. &#8211; Gartenarchitekt*in , artenreiche, pflegeleichte Gartenanlage Was wissen wir \u00fcber das Artensterben im l\u00e4ndlichen Raum und was k\u00f6nnen wir hier &hellip; <\/p>\n<p class=\"link-more\"><a href=\"https:\/\/inaww.eu\/?page_id=164\" class=\"more-link\"><span class=\"screen-reader-text\">\u201eMenschen brauchen Insekten &#8211;\u201c<\/span> weiterlesen<\/a><\/p>\n","protected":false},"author":1,"featured_media":166,"parent":0,"menu_order":0,"comment_status":"closed","ping_status":"closed","template":"","meta":[],"_links":{"self":[{"href":"https:\/\/inaww.eu\/index.php?rest_route=\/wp\/v2\/pages\/164"}],"collection":[{"href":"https:\/\/inaww.eu\/index.php?rest_route=\/wp\/v2\/pages"}],"about":[{"href":"https:\/\/inaww.eu\/index.php?rest_route=\/wp\/v2\/types\/page"}],"author":[{"embeddable":true,"href":"https:\/\/inaww.eu\/index.php?rest_route=\/wp\/v2\/users\/1"}],"replies":[{"embeddable":true,"href":"https:\/\/inaww.eu\/index.php?rest_route=%2Fwp%2Fv2%2Fcomments&post=164"}],"version-history":[{"count":35,"href":"https:\/\/inaww.eu\/index.php?rest_route=\/wp\/v2\/pages\/164\/revisions"}],"predecessor-version":[{"id":530,"href":"https:\/\/inaww.eu\/index.php?rest_route=\/wp\/v2\/pages\/164\/revisions\/530"}],"wp:featuredmedia":[{"embeddable":true,"href":"https:\/\/inaww.eu\/index.php?rest_route=\/wp\/v2\/media\/166"}],"wp:attachment":[{"href":"https:\/\/inaww.eu\/index.php?rest_route=%2Fwp%2Fv2%2Fmedia&parent=164"}],"curies":[{"name":"wp","href":"https:\/\/api.w.org\/{rel}","templated":true}]}}

<p class="has-medium-font-size">INSEKTEN BRAUCHEN BLÜTEN</p>



<p class="has-text-color has-background has-very-light-gray-color has-vivid-red-background-color">Die Veranstaltung hat nicht stattgefunden.</p>



<p class="has-text-color has-very-dark-gray-color"><br>RETTE DIE BIENEN</p>



<p><br>ALTE SCHULE  MAROTH<br>Birkenstraße 13<br>13. März, 1800h</p>



<p class="has-text-color has-background has-very-light-gray-color has-vivid-red-background-color">Wir informieren hier auf dieser Seite,<br>wann dieser Termin nachgeholt werden kann.<br></p>



<p>Hans-Günter Mohr, Imkerverband Nassau, <br>  Insekten als Lebensgrundlage<br>N.N. &#8211; Gartenarchitekt*in , <br>   artenreiche, pflegeleichte Gartenanlage </p>



<p></p>



<p>Was wissen wir über das Artensterben im ländlichen Raum <br>und was können wir hier dagegen tun?</p>



<p><br>Herr Mohr wird aus seinen vielfältigen Beobachtungen als Imker und Forstbeamter berichten. Er möchte uns dafür interessieren, die Lebensbedingungen aller Insekten genauer wahrzunehmen. </p>



<p>Mit Stauden und Gräsern zu einem artenreichen und pflegeleichten Garten.  Zier- und Nutzpflanzen sind ein Hort für Bienen, Hummeln und andere Insekten, für Vögel und Amphibien aller Arten.  </p>



<p>Der Besuch der Veranstaltung ist kostenlos</p>



<p>.</p>



<p>.</p>



<p>.</p>



<p style="font-size:9px"><a href="http://lernen-durch-bewegung.de/?page_id=103" target="_blank" rel="noreferrer noopener" aria-label="sponsored link (öffnet in neuem Tab)">sponsored link</a></p>



<p>.</p>



<p style="font-size:9px">fotonachweis: hans jürgen gessner &#8211; seidenbiene &#8211;<a href="https://www.deutschland-summt.de/wildbienenarten.html" target="_blank" rel="noreferrer noopener" aria-label=" deutschland summt.de (öffnet in neuem Tab)"> deutschland summt.de</a></p>

<p>INSEKTEN BRAUCHEN BLÜTEN Die Veranstaltung hat nicht stattgefunden. RETTE DIE BIENEN ALTE SCHULE MAROTHBirkenstraße 1313. März, 1800h Wir informieren hier auf dieser Seite,wann dieser Termin nachgeholt werden kann. Hans-Günter Mohr, Imkerverband Nassau, Insekten als LebensgrundlageN.N. &#8211; Gartenarchitekt*in , artenreiche, pflegeleichte Gartenanlage Was wissen wir über das Artensterben im ländlichen Raum und was können wir hier &hellip; </p>
<p class="link-more"><a href="https://inaww.eu/?page_id=164" class="more-link"><span class="screen-reader-text">„Menschen brauchen Insekten &#8211;“</span> weiterlesen</a></p>
