{"id":32,"date":"2020-02-19T20:49:19","date_gmt":"2020-02-19T20:49:19","guid":{"rendered":"http:\/\/inaww.eu\/?page_id=32"},"modified":"2020-04-24T16:12:23","modified_gmt":"2020-04-24T16:12:23","slug":"aktiv-werden","status":"publish","type":"page","link":"https:\/\/inaww.eu\/?page_id=32","title":{"rendered":"vor ort"},"content":{"rendered":"\n<p> <\/p>\n\n\n\n<blockquote class=\"wp-block-quote is-style-default\"><p>die <strong>initiative artenvielfalt ww<\/strong> ver\u00f6ffentlicht hier auf dieser seite ihre informationen zum thema artenvielfalt <br>und <strong>das leben auf dem land<\/strong><\/p><\/blockquote>\n\n\n\n<p style=\"font-size:18px\"><br><em><strong>wie kann die artenvielfalt erhalten werden?<br> wie sieht eine lebenswerte umgebung aus?<br> wie k\u00f6nnen wir auf dem land dem klimawandel entgegentreten?<\/strong><\/em><\/p>\n\n\n\n<p style=\"font-size:18px\">.<em><br> <\/em><br> <\/p>\n\n\n\n<p style=\"font-size:18px\"><strong>am 22. april 2020<\/strong> haben wir den gemeinder\u00e4ten und dem ortsb\u00fcrgermeister unseren <a href=\"http:\/\/inaww.eu\/wp-content\/uploads\/2020\/04\/Anschreiben-Gemeinderat-Maroth_22.04.2020.pdf\" target=\"_blank\" rel=\"noreferrer noopener\">appell zur selbstverpflichtung <\/a>zum naturnahen umbau der gemeindefl\u00e4chen \u00fcbergeben<\/p>\n\n\n\n<p style=\"font-size:18px\">.<br> <\/p>\n\n\n\n<p><strong>im januar 2020 schrieb die initiative an den gemeinderat von maroth<\/strong>:   <br><em>Der Klimawandel ist mittlerweile das bestimmende Thema in unserem Alltag. Die Vielfalt der Arten und die Lebensqualit\u00e4t der B\u00fcrger*innen sind durch den steigenden CO<sub>2<\/sub> Gehalt der Atmosph\u00e4re und somit steigenden Durchschnittstemperaturen auf unserem Planeten in Gefahr.<\/em><\/p>\n\n\n\n<p><em>Wir d\u00fcrfen daf\u00fcr aber die Verantwortung nicht nur an die gew\u00e4hlten politischen Gremien weitergeben. Wichtigste Aufgabe muss sein, den B\u00fcrgerinnen und B\u00fcrgern unserer Gemeinde, den gew\u00e4hlten R\u00e4ten unterst\u00fctzend zur Seite zu stehen. Daf\u00fcr zu sorgen, dass alles M\u00f6gliche getan werden kann, um den Folgen des Klimawandels hier vor unserer Haust\u00fcr entgegenzutreten. Der Gemeinderat allein kann dies nicht schaffen. <\/em> <br><strong><br>  <\/strong><\/p>\n\n\n\n<p> mit der veranstaltung  <a rel=\"noreferrer noopener\" aria-label=\" &quot;rette die bienen&quot; (\u00f6ffnet in neuem Tab)\" href=\"http:\/\/inaww.eu\/?page_id=164\" target=\"_blank\"><strong>&#8222;rette die bienen&#8220;<\/strong><\/a>   l\u00e4dt unser ortsb\u00fcrgermeister alle b\u00fcrgerinnen und b\u00fcrger in maroth und den umliegenden gemeinden ein, sich zu informieren, sich einzubringen  und ihre r\u00e4te zu unterst\u00fctzen, die ideen und anliegen der b\u00fcrger*innen aufzunehmen  <\/p>\n\n\n\n<p class=\"has-text-color has-background has-very-light-gray-color has-vivid-red-background-color\"><br>der plan dieser veranstaltung in der ALTEN SCHULE MAROTH bleibt erhalten <\/p>\n\n\n\n<p class=\"has-text-color has-very-dark-gray-color\"> <strong>was sie jetzt sofort f\u00fcr den artenschutz tun k\u00f6nnen, <a href=\"http:\/\/inaww.eu\/?page_id=397\">finden sie hier<\/a><\/strong><br><strong> <\/strong>.<\/p>\n\n\n\n<p>wir alle  im d\u00f6rflichen umfeld sind in der lage,  dem artensterben entgegenzutreten<\/p>\n\n\n\n<p><a rel=\"noreferrer noopener\" aria-label=\"das tun die nachbarn (\u00f6ffnet in neuem Tab)\" href=\"http:\/\/inaww.eu\/?page_id=95\" target=\"_blank\">das tun die nachbarn<\/a><br><\/p>\n\n\n\n<p class=\"has-text-color has-very-dark-gray-color\">wenn sie etwas vermissen,<strong><br><\/strong><a rel=\"noreferrer noopener\" href=\"http:\/\/inaww.eu\/wp-admin\/initiative_artenvielfalt@t-online.de\" target=\"_blank\">schreiben sie eine mail<\/a><\/p>\n\n\n\n<p><\/p>\n\n\n\n<blockquote class=\"wp-block-quote\"><p> .<\/p><p><\/p><p><\/p><cite>                                                                                                       <\/cite><\/blockquote>\n\n\n\n<blockquote class=\"wp-block-quote\"><p> <\/p><\/blockquote>\n\n\n\n<blockquote class=\"wp-block-quote\"><p><br><\/p><\/blockquote>\n","protected":false},"excerpt":{"rendered":"<p>die initiative artenvielfalt ww ver\u00f6ffentlicht hier auf dieser seite ihre informationen zum thema artenvielfalt und das leben auf dem land wie kann die artenvielfalt erhalten werden? wie sieht eine lebenswerte umgebung aus? wie k\u00f6nnen wir auf dem land dem klimawandel entgegentreten? . am 22. april 2020 haben wir den gemeinder\u00e4ten und dem ortsb\u00fcrgermeister unseren appell &hellip; <\/p>\n<p class=\"link-more\"><a href=\"https:\/\/inaww.eu\/?page_id=32\" class=\"more-link\"><span class=\"screen-reader-text\">\u201evor ort\u201c<\/span> weiterlesen<\/a><\/p>\n","protected":false},"author":1,"featured_media":0,"parent":4,"menu_order":-1,"comment_status":"closed","ping_status":"closed","template":"","meta":[],"_links":{"self":[{"href":"https:\/\/inaww.eu\/index.php?rest_route=\/wp\/v2\/pages\/32"}],"collection":[{"href":"https:\/\/inaww.eu\/index.php?rest_route=\/wp\/v2\/pages"}],"about":[{"href":"https:\/\/inaww.eu\/index.php?rest_route=\/wp\/v2\/types\/page"}],"author":[{"embeddable":true,"href":"https:\/\/inaww.eu\/index.php?rest_route=\/wp\/v2\/users\/1"}],"replies":[{"embeddable":true,"href":"https:\/\/inaww.eu\/index.php?rest_route=%2Fwp%2Fv2%2Fcomments&post=32"}],"version-history":[{"count":64,"href":"https:\/\/inaww.eu\/index.php?rest_route=\/wp\/v2\/pages\/32\/revisions"}],"predecessor-version":[{"id":529,"href":"https:\/\/inaww.eu\/index.php?rest_route=\/wp\/v2\/pages\/32\/revisions\/529"}],"up":[{"embeddable":true,"href":"https:\/\/inaww.eu\/index.php?rest_route=\/wp\/v2\/pages\/4"}],"wp:attachment":[{"href":"https:\/\/inaww.eu\/index.php?rest_route=%2Fwp%2Fv2%2Fmedia&parent=32"}],"curies":[{"name":"wp","href":"https:\/\/api.w.org\/{rel}","templated":true}]}}

<p> </p>



<blockquote class="wp-block-quote is-style-default"><p>die <strong>initiative artenvielfalt ww</strong> veröffentlicht hier auf dieser seite ihre informationen zum thema artenvielfalt <br>und <strong>das leben auf dem land</strong></p></blockquote>



<p style="font-size:18px"><br><em><strong>wie kann die artenvielfalt erhalten werden?<br> wie sieht eine lebenswerte umgebung aus?<br> wie können wir auf dem land dem klimawandel entgegentreten?</strong></em></p>



<p style="font-size:18px">.<em><br> </em><br> </p>



<p style="font-size:18px"><strong>am 22. april 2020</strong> haben wir den gemeinderäten und dem ortsbürgermeister unseren <a href="http://inaww.eu/wp-content/uploads/2020/04/Anschreiben-Gemeinderat-Maroth_22.04.2020.pdf" target="_blank" rel="noreferrer noopener">appell zur selbstverpflichtung </a>zum naturnahen umbau der gemeindeflächen übergeben</p>



<p style="font-size:18px">.<br> </p>



<p><strong>im januar 2020 schrieb die initiative an den gemeinderat von maroth</strong>:   <br><em>Der Klimawandel ist mittlerweile das bestimmende Thema in unserem Alltag. Die Vielfalt der Arten und die Lebensqualität der Bürger*innen sind durch den steigenden CO<sub>2</sub> Gehalt der Atmosphäre und somit steigenden Durchschnittstemperaturen auf unserem Planeten in Gefahr.</em></p>



<p><em>Wir dürfen dafür aber die Verantwortung nicht nur an die gewählten politischen Gremien weitergeben. Wichtigste Aufgabe muss sein, den Bürgerinnen und Bürgern unserer Gemeinde, den gewählten Räten unterstützend zur Seite zu stehen. Dafür zu sorgen, dass alles Mögliche getan werden kann, um den Folgen des Klimawandels hier vor unserer Haustür entgegenzutreten. Der Gemeinderat allein kann dies nicht schaffen. </em> <br><strong><br>  </strong></p>



<p> mit der veranstaltung  <a rel="noreferrer noopener" aria-label=" &quot;rette die bienen&quot; (öffnet in neuem Tab)" href="http://inaww.eu/?page_id=164" target="_blank"><strong>&#8222;rette die bienen&#8220;</strong></a>   lädt unser ortsbürgermeister alle bürgerinnen und bürger in maroth und den umliegenden gemeinden ein, sich zu informieren, sich einzubringen  und ihre räte zu unterstützen, die ideen und anliegen der bürger*innen aufzunehmen  </p>



<p class="has-text-color has-background has-very-light-gray-color has-vivid-red-background-color"><br>der plan dieser veranstaltung in der ALTEN SCHULE MAROTH bleibt erhalten </p>



<p class="has-text-color has-very-dark-gray-color"> <strong>was sie jetzt sofort für den artenschutz tun können, <a href="http://inaww.eu/?page_id=397">finden sie hier</a></strong><br><strong> </strong>.</p>



<p>wir alle  im dörflichen umfeld sind in der lage,  dem artensterben entgegenzutreten</p>



<p><a rel="noreferrer noopener" aria-label="das tun die nachbarn (öffnet in neuem Tab)" href="http://inaww.eu/?page_id=95" target="_blank">das tun die nachbarn</a><br></p>



<p class="has-text-color has-very-dark-gray-color">wenn sie etwas vermissen,<strong><br></strong><a rel="noreferrer noopener" href="http://inaww.eu/wp-admin/initiative_artenvielfalt@t-online.de" target="_blank">schreiben sie eine mail</a></p>



<p></p>



<blockquote class="wp-block-quote"><p> .</p><p></p><p></p><cite>                                                                                                       </cite></blockquote>



<blockquote class="wp-block-quote"><p> </p></blockquote>



<blockquote class="wp-block-quote"><p><br></p></blockquote>

<p>die initiative artenvielfalt ww veröffentlicht hier auf dieser seite ihre informationen zum thema artenvielfalt und das leben auf dem land wie kann die artenvielfalt erhalten werden? wie sieht eine lebenswerte umgebung aus? wie können wir auf dem land dem klimawandel entgegentreten? . am 22. april 2020 haben wir den gemeinderäten und dem ortsbürgermeister unseren appell &hellip; </p>
<p class="link-more"><a href="https://inaww.eu/?page_id=32" class="more-link"><span class="screen-reader-text">„vor ort“</span> weiterlesen</a></p>
