{"id":4,"date":"2020-01-28T20:26:19","date_gmt":"2020-01-28T20:26:19","guid":{"rendered":"http:\/\/inaww.eu\/?page_id=4"},"modified":"2020-04-27T17:07:38","modified_gmt":"2020-04-27T17:07:38","slug":"initiative-artenvielfalt-www","status":"publish","type":"page","link":"https:\/\/inaww.eu\/?page_id=4","title":{"rendered":"impressum &#8211; inaww"},"content":{"rendered":"\n<p>hier treffen sich menschen, die dem artensterben vor der t\u00fcr <br>und in der l\u00e4ndlichen gemeinde etwas entgegensetzen wollen<\/p>\n\n\n\n<p>.<br><\/p>\n\n\n\n<p style=\"font-size:9px\"> fotonachweis: &#8222;maroth &#8211; blick von westen&#8220;  \u00a9mak.m  <\/p>\n\n\n\n<p>.<\/p>\n\n\n\n<p>solange wir keine veranstaltung planen k\u00f6nnen, bleibt inaww.eu <br>online aktiv &#8211; informieren sie sich, was sie jetzt <br>f\u00fcr den <a href=\"http:\/\/inaww.eu\/wp-content\/uploads\/2020\/04\/Initiative-zur-Erhaltung-der-Artenvielfalt_22.04.2020.pdf\" target=\"_blank\" rel=\"noreferrer noopener\">SCHUTZ DER ARTEN<\/a> tun k\u00f6nnen. <br><br>der abgesetzte termin in MAROTH wird neu geplant, <br>weitere veranstaltungen werden folgen<br><\/p>\n\n\n\n<p>wenn sie diese seite kommentieren wollen,<br>schreiben sie eine mail    <em><a rel=\"noreferrer noopener\" aria-label=\" initiative_artenvielfalt@t-online.de (\u00f6ffnet in neuem Tab)\" href=\"initiativartenvielfalt@t-online.de\" target=\"_blank\">initiative_artenvielfalt@t-online.de<\/a><\/em><br>anregungen sind herzlich willkommen<\/p>\n\n\n\n<p><a href=\"http:\/\/inaww.eu\/?page_id=95\">so geht es weiter<\/a><\/p>\n\n\n\n<p><\/p>\n\n\n\n<p>verantwortlich:<br>manfred kruppa  &#8211; am weidchen 8 &#8211; 56271 maroth<br><br>+49 2689 97 92 53 <\/p>\n\n\n\n<p>.<\/p>\n\n\n\n<p>.<\/p>\n\n\n\n<p style=\"font-size:12px\">.<\/p>\n\n\n\n<p style=\"font-size:12px\"> <strong>unterstrichene texte<\/strong>  \u00f6ffnen interne und externe links  <br>teile der webseite, die nicht zu \u00f6ffnen sind, werden noch bearbeitet<br> <\/p>\n\n\n\n<p style=\"font-size:12px\">hier wird ihr aufruf gez\u00e4hlt &#8211; aber weder eine adresse verfolgt noch gespeichert. <br>auf die inhalte  externen websites haben wir  keinen Einfluss.  deshalb k\u00f6nnen wir daf\u00fcr keine gew\u00e4hr \u00fcbernehmen.   f\u00fcr die inhalte der&nbsp;verlinkten seiten sind stets die jeweiligen anbietenden verantwortlich<br> diese seite verfolgt keine kommerziellen interessen <\/p>\n\n\n\n<p><\/p>\n\n\n\n<p style=\"font-size:12px\" class=\"has-text-align-right\">                                                                      ver\u00f6ffentlicht am 22.02.2020_14:00h mez<br>                                   aktualisiert am 22.04.2020_17:00h mesz<\/p>\n\n\n\n<p style=\"font-size:10px\"><a href=\"http:\/\/lernen-durch-bewegung.de\/?page_id=103\" target=\"_blank\" rel=\"noreferrer noopener\" aria-label=\"spomsored link (\u00f6ffnet in neuem Tab)\">spomsored link<\/a><\/p>\n","protected":false},"excerpt":{"rendered":"<p>hier treffen sich menschen, die dem artensterben vor der t\u00fcr und in der l\u00e4ndlichen gemeinde etwas entgegensetzen wollen . fotonachweis: &#8222;maroth &#8211; blick von westen&#8220; \u00a9mak.m . solange wir keine veranstaltung planen k\u00f6nnen, bleibt inaww.eu online aktiv &#8211; informieren sie sich, was sie jetzt f\u00fcr den SCHUTZ DER ARTEN tun k\u00f6nnen. der abgesetzte termin in &hellip; <\/p>\n<p class=\"link-more\"><a href=\"https:\/\/inaww.eu\/?page_id=4\" class=\"more-link\"><span class=\"screen-reader-text\">\u201eimpressum &#8211; inaww\u201c<\/span> weiterlesen<\/a><\/p>\n","protected":false},"author":1,"featured_media":15,"parent":485,"menu_order":-1,"comment_status":"closed","ping_status":"closed","template":"","meta":[],"_links":{"self":[{"href":"https:\/\/inaww.eu\/index.php?rest_route=\/wp\/v2\/pages\/4"}],"collection":[{"href":"https:\/\/inaww.eu\/index.php?rest_route=\/wp\/v2\/pages"}],"about":[{"href":"https:\/\/inaww.eu\/index.php?rest_route=\/wp\/v2\/types\/page"}],"author":[{"embeddable":true,"href":"https:\/\/inaww.eu\/index.php?rest_route=\/wp\/v2\/users\/1"}],"replies":[{"embeddable":true,"href":"https:\/\/inaww.eu\/index.php?rest_route=%2Fwp%2Fv2%2Fcomments&post=4"}],"version-history":[{"count":84,"href":"https:\/\/inaww.eu\/index.php?rest_route=\/wp\/v2\/pages\/4\/revisions"}],"predecessor-version":[{"id":546,"href":"https:\/\/inaww.eu\/index.php?rest_route=\/wp\/v2\/pages\/4\/revisions\/546"}],"up":[{"embeddable":true,"href":"https:\/\/inaww.eu\/index.php?rest_route=\/wp\/v2\/pages\/485"}],"wp:featuredmedia":[{"embeddable":true,"href":"https:\/\/inaww.eu\/index.php?rest_route=\/wp\/v2\/media\/15"}],"wp:attachment":[{"href":"https:\/\/inaww.eu\/index.php?rest_route=%2Fwp%2Fv2%2Fmedia&parent=4"}],"curies":[{"name":"wp","href":"https:\/\/api.w.org\/{rel}","templated":true}]}}